.
-4
What is the value of (-34 - -39 - (-2 + 7)) + -3?
-3
Calculate (-420 - -418) + (-2 - 8).
-12
Calculate (22 - -1 - 4 - 4) + -8 + -1.
6
What is -16 - -2 - -13 - 9?
-10
6 + -4 + (6 - -4) + 17
29
Calculate 28 - 5 - (0 + 8).
15
Calculate 0 - -1 - (-9 - -3).
7
Evaluate 8 + (-6 - 5 - (-5 - (-27 - -7))).
-18
What is (-2 - 0) + 3 + 2 + 25 + -16?
12
Calculate (-1 - -5 - (72 + -63)) + 1 + -2.
-6
Calculate -7 + 5 + 1 - (-8 + 10) - 1.
-4
Evaluate 2 + -4 + (-1 - 1) - -6.
2
What is (-80 - -57) + (20 - 6)?
-9
18 - (-3 - (0 + 11 + -4))
28
Calculate (-5 - -8) + -27 + -1.
-25
What is -37 - (20 - (94 - 4))?
33
Calculate (1 - -6) + -1 - -13.
19
What is the value of (9 - (-13 + 27) - (-10 - 0)) + -5?
0
What is -7 - (-14 + 4 - (-5 - (9 - 13)))?
2
What is the value of (6 - -35) + -19 - 20?
2
What is the value of -23 + 27 + -3 - (0 + 6)?
-5
Evaluate -7 + 1 - (-11 - (6 + -7 + -2)).
2
Calculate 8 - (14 - 11) - 7.
-2
Evaluate (1 - 1) + 9 + -11 - 0.
-2
What is the value of (-4 + -1 - ((-8 - -6) + 4)) + -2?
-9
What is -1 + -3 + 6 + 22?
24
Calculate (1 - -14) + (-244 - -222) - 11.
-18
Evaluate (31 - (-8 + 23)) + 2.
18
What is -3 + (21 + -4 - (3 + 4))?
7
3 + 6 + -5 + 1 - (-10 + 1)
14
Evaluate -9 - (11 + -1 + -6 + 4 + -2).
-15
Calculate -3 + 0 - (-7 + -10) - (6 - 3).
11
Evaluate (-19 - -17) + -11 + 8.
-5
Calculate (42 + -36 - 26) + 28.
8
(11 - (-17 - -3)) + -7
18
What is 1 + (-1 + 7 - (2 + -1)) + -2?
4
(-29 - -34) + -2 + (-1 - (-1 - -2))
1
Calculate (-8 - (-13 - -8)) + -7 - (-7 + 4).
-7
What is the value of -3 + 7 + -12 + 6 - (0 - 4)?
2
What is 24 + -21 + 43 + -63?
-17
What is 4 + (249 + -282 - ((-2 - -1) + 2))?
-30
What is the value of -8 + -5 + 6 + -12 + 17 + -7?
-9
What is -5 + (-5 - -1) + 0 + -3 + 10?
-2
What is the value of (19 - (10 - -2)) + -3?
4
What is the value of -596 + 592 - (-2 - -6 - (1 - 0))?
-7
What is the value of 9 + (-8 + -2 + 1 - 0)?
0
What is -4 + -20 + 10 + 12 + 18?
16
What is the value of 11 - 3 - (2 - 4 - 1 - -3)?
8
What is the value of -3 - (16 - 12 - 8)?
1
What is the value of (-7 - -14) + 21 + (-9 - -2)?
21
What is the value of 24 - ((15 + -6 - -8) + -9)?
16
Calculate (5 - 3) + (-1 - (-5 + 4 + 7)).
-5
Calculate -1 + -12 - (-3 + 2 + 8 + -5).
-15
-15 + -2 - (-12 + (16 - 8))
-13
14 + (18 - 37) - (0 + 0)
-5
What is the value of -1 - 5 - -3 - (-14 + -4)?
15
What is 15 - (31 + -14 + -13)?
11
What is 10 - (-6 - (-25 + 3))?
-6
What is the value of 5 + 6 + -5 + 1 + -4?
3
-54 - -92 - (10 - -56)
-28
What is -7 + (-20 - -9) + 12?
-6
Evaluate 342 + -359 - (-1 + -30).
14
What is the value of -22 + (-8 - -8) - -11 - (1 + 9)?
-21
-42 - (-142 - -137 - (0 - (-2 - 3)))
-32
What is (2 - -1 - 40) + -44 + 54 - -1?
-26
Calculate (8 - (18 + -14)) + -25.
-21
What is the value of (17 - (-2 + 8 + 2)) + -3?
6
What is -18 + (42 - 24) + 10?
10
Evaluate (1 + 21 - 6) + -13.
3
Calculate -1 + 8 - ((9 + -3 - 20) + 8).
13
What is the value of 22 + 15 + -33 + 19 + 1 + -3?
21
What is the value of -10 - (10 + -12 + (3 - -5) - 8)?
-8
0 + -1 + 523 + -549
-27
Evaluate 5 + 1 - (-10 + 20 + -3).
-1
What is the value of 5 - (-18 + 13 + 12 + -3)?
1
-27 - ((-5 - 4) + (-20 - -28))
-26
-45 + 40 + (0 - (6 + 4))
-15
Calculate ((-13 - -5) + 2 - (-6 - -9)) + 9.
0
What is (8 - (5 - 11)) + -5 - (-2 + 25)?
-14
Evaluate -6 + 30 + -17 + 6 + -6.
7
-24 + (6 - 4) - -10 - 10
-22
Evaluate -6 - (8 + -13 + 8).
-9
8 - (15 - (-6 - 3) - 7)
-9
Evaluate 7 - ((-4 + -6 - -8) + 21).
-12
95 + -64 + -21 - (-13 + 1)
22
What is the value of -2 + 0 - -14 - (-4 - 2 - -4)?
14
Calculate 13 - 15 - 17 - -24.
5
Evaluate 2 + (-2 - -3 - (-3 - -5)).
1
What is the value of -7 - (-5 - (-10 + 7 + 1 + -1))?
-5
Calculate -1 + 10 + -4 + -13 + 32.
24
Calculate 4 - 21 - ((-5 - -6) + 0 - 8).
-10
Calculate 10 + -8 + (6 - 14) - (15 - -4).
-25
-8 + (483 - 479 - (2 - -1 - -1))
-8
((7 - 5) + 5 - (12 + -4)) + -21
-22
(-15 + 25 - 19) + 17
8
-5 + 0 + 2 + (-9 - (-6 + 1))
-7
Evaluate -10 + 8 + 19 - (12 + -4 + 0).
9
What is the value of 8 + -11 - 13 - -10?
-6
What is the value of 3 + 34 - (8 + 59)?
-30
What is -9 + (0 + -1 - 0)?
-10
What is 14 - ((-10 - (6 + -21)) + -13)?
22
What is 14 + (-8 - (-8 - (0 + 8)))?
22
What is the value of (15 - 2) + 2 - ((21 - -4) + -20)?
10
What is the value of -10 + (50 - 59 - (-2 - 10))?
-7
Evaluate 24 - (-11 + (13 - -10)).
12
-19 - (4 + -2) - -20
-1
-14 + 22 + -3 + -15 + 1
-9
(8 - 18 - -5) + 17 + 1
13
What is (24 - 25) + (0 - (4 + 1)) + 2?
-4
7 + 1 + -2 - (-2 - 2) - -1
11
-3 + (8 - ((4 - -3) + 2 + -1))
-3
Evaluate 26 + -26 + 21 + -5.
16
What is the value of (4 - -2) + 17 + -15 + 0 + 4?
12
Calculate (-748 - -738) + (12 - 0).
2
What is -12 - (10 + -18 + 13)?
-17
What is -33 + (39 - (6 - -12))?
-12
What is (267 - 245) + -3 + -36?
-17
18 - (8 - (18 - 15))
13
What is the value of -57 + 39 + (3 - -14)?
-1
What is 16 - (7 - (23 - (22 + -6)))?
16
0 - (8 + (-11 - -10))
-7
What is -33 + (253 + -252 - (0 + 7))?
-39
What is the value of 1301 + -1293 + (1 - 5)?
4
Calculate (14 + 7 + -6 - 6) + 6.
15
Evaluate -4 - (1 + -7 - -5).
-3
-4 - 0 - (-43 + -4 + 46)
-3
What is the value of (0 - -8) + 6 + (-9 - -14)?
19
What is (6 - 13 - 3) + 8 + 0 + -3?
-5
3 + (10 - 13) + -16
-16
Calculate 3 + -3 + -3 + (-28 - -20) - -8.
-3
Calculate 9 + ((-1 - -1) + 8 - 8).
9
What is the value of 8 - -3 - (58 + -44)?
-3
(12 + -14 - -1) + -11
-12
53 - (21 - -17) - (-2 + 21)
-4
What is (0 - -8 - (-255 - -261)) + -1 + 7?
8
Calculate (-10 + 12 + -7 - (3 + -3)) + -4.
-9
What is -3 + -26 + (-173 - -190) - (11 - 1)?
-22
Evaluate (-3 + 1 - 3 - (-4 - -9)) + -3.
-13
-84 + 130 + -43 + (0 - 0 - 3)
0
What is the value of 7 - 1 - (-6 + 34 - 22 - -19)?
-19
Calculate -23 + 15 - (1 + -22).
13
Calculate -3 + (-5 - 0) + (2 - -12 - -12).
18
Calculate (-2 - -2) + -11 - (223 + -228).
-6
What is (-10 - -13 - 32 - (-1 + -2)) + -8?
-34
What is 4 - -17 - ((-9 - 1) + 3) - 9?
19
Calculate 9 - (4 + 1) - (2 - -4).
-2
Calculate (1 + 4 - (-19 - -30)) + (-8 - -2).
-12
What is -35 + -15 + 29 + 5?
-16
What is the value of 18 - (-7 + -4 + 27)?
2
Evaluate 2 + -4 - (-8 + -5 + -5 + 5).
11
What is 0 - ((-14 - -3) + 23)?
-12
What is the value of -8 + (-5 + (8 - -6) - -10)?
11
Evaluate -7 + 0 - -10 - 9.
-6
What is the value of 17 + -39 + 34 + 3?
15
What is the value of 9 + (-11 + 8 + -3 - 2 - 32)?
-31
What is 16 + (-5 - (37 - -13)) + 3?
-36
Evaluate -4 + 22 + 22 - 23.
17
Calculate 2 - (-14 + 9 - -1).
6
What is the value of (47 - 60) + (2 - -4) + 0 + 29?
22
What is -3 + 5 - -9 - (-25 + (11 - -14))?
11
Calculate -6 - (9 - (-6 + (25 - 7))).
-3
Evaluate (-5 - -31) + (175 - 210).
-9
What is the value of -9 - ((-10 + 3 - -13) + -1)?
-14
Evaluate (3 - 12) + -1 + -17 + 29.
2
-13 + (2 - -3 - (-1 + 12 + -4))
-15
Calculate -8 + -1 + 1 + 19 - 12.
-1
Calculate 1 - (36 + -35 + (-4 - 1 - -2)).
3
Evaluate 24 + (-31 - -16) - -4.
13
What is the value of -29 + 2 - (-31 - -18)?
-14
What is the value of 2 - -1 - -5 - (-14 + 18 + 0)?
4
Evaluate -27 + -31 + (4 - -21).
-33
-13 + (41 + -10 - -9) + -14
13
Evaluate (11 - 18 - 4) + -1.
-12
Evaluate 14 + -1 + (-32 - -23 - -5) + -26.
-17
Evaluate 6 - 5 - (2 - -1).
-2
10 + -14 - (3 - 10)
3
-1 + -7 - -3 - (-12 - -11)
-4
-23 - (17 + -20 + 2 + 2 + -8)
-16
Calculate -5 + 0 + 0 + (-153 - -148).
-10
What is the value of 2 - (-5 + -14 + 10) - -1?
12
What is 5 + 8 - -15 - (-13 - -25)?
16
What is the value of 0 - ((4 - 13) + 31)?
-22
Evaluate 227 + -220 + -17 + 1.
-9
What is the value of -12 - -7 - -15 - 8?
2
What is (14 - 2) + 127 + -117?
22
-1 - 4 - (7 + -9 + (1 - 10))
6
What is the value of -8 + -11 + (5 - 10 - (18 - 17))?
-25
Calculate (9 - (47 - 12 - 11)) + 2.
-13
Evaluate 0 + 12 + -13 + -10.
-11
What is (5 - -4) + (-8 + -19 - -33)?
15
What is the value of -1 + 11 + -3 + 0 + (-5 - -1)?
3
-104 - -94 - (0 + -19) - (-2 + 8)
3
What is the value of (-5 - (-1 - 0)) + 2 + 32 + -31?
-1
6 + 0 - 2 - 2 - -1
3
Calculate 20 + (-137 - -150 - (-3 + 1)).
35
What is the value of (-5 - (4 - (-1 - -12))) + 5?
7
What is the value of (122 - 120) + -3 + 3 + -16?
-14
Evaluate -24 + 29 + -20 + 37.
22
(1 - -32) + -29 + 4 + 1
9
What is 3 - -37 - (-53 - -71) - -6?
28
15 - (4 - 12) - 20
3
What is the value of 11 + 6 + -6 + -9 - (-2 - 7)?
11
Calculate -12 + 5 - (0 + -3).
-4
Evaluate 3 - -9 - -14 - (15 - 6).
17
What is 220 + -207 + (-14 - 0)?
-1
What is (20 - 24) + 9 - -24?
29
What is the value of (9 - 0) + 